alculate the remainder when 139 is divided by 126.
13
What is the remainder when 1842 is divided by 215?
122
Calculate the remainder when 768 is divided by 384.
0
What is the remainder when 7700 is divided by 17?
16
What is the remainder when 593 is divided by 296?
1
What is the remainder when 69 is divided by 20?
9
Calculate the remainder when 2131 is divided by 26.
25
What is the remainder when 180 is divided by 17?
10
Calculate the remainder when 972 is divided by 88.
4
What is the remainder when 319 is divided by 22?
11
Calculate the remainder when 52 is divided by 48.
4
What is the remainder when 36 is divided by 13?
10
Calculate the remainder when 187 is divided by 74.
39
Calculate the remainder when 621 is divided by 12.
9
Calculate the remainder when 3336 is divided by 167.
163
Calculate the remainder when 564 is divided by 63.
60
What is the remainder when 34 is divided by 14?
6
Calculate the remainder when 711 is divided by 60.
51
What is the remainder when 1056 is divided by 83?
60
Calculate the remainder when 5526 is divided by 41.
32
What is the remainder when 317 is divided by 36?
29
Calculate the remainder when 124 is divided by 38.
10
What is the remainder when 10807 is divided by 23?
20
What is the remainder when 148 is divided by 23?
10
What is the remainder when 6693 is divided by 608?
5
What is the remainder when 471 is divided by 19?
15
What is the remainder when 58 is divided by 21?
16
What is the remainder when 1683 is divided by 1674?
9
Calculate the remainder when 600 is divided by 18.
6
Calculate the remainder when 214 is divided by 41.
9
What is the remainder when 222 is divided by 25?
22
Calculate the remainder when 1362 is divided by 105.
102
Calculate the remainder when 97 is divided by 33.
31
What is the remainder when 1096 is divided by 123?
112
What is the remainder when 2853 is divided by 4?
1
Calculate the remainder when 13117 is divided by 5.
2
Calculate the remainder when 93 is divided by 30.
3
Calculate the remainder when 210 is divided by 70.
0
What is the remainder when 16 is divided by 12?
4
Calculate the remainder when 95 is divided by 26.
17
Calculate the remainder when 93 is divided by 14.
9
What is the remainder when 46 is divided by 17?
12
Calculate the remainder when 43 is divided by 17.
9
Calculate the remainder when 2152 is divided by 18.
10
What is the remainder when 109 is divided by 53?
3
What is the remainder when 484 is divided by 27?
25
What is the remainder when 1268 is divided by 93?
59
Calculate the remainder when 99 is divided by 51.
48
Calculate the remainder when 76 is divided by 39.
37
What is the remainder when 605 is divided by 8?
5
What is the remainder when 145 is divided by 32?
17
Calculate the remainder when 302 is divided by 19.
17
What is the remainder when 16346 is divided by 15?
11
Calculate the remainder when 400 is divided by 108.
76
What is the remainder when 54 is divided by 11?
10
What is the remainder when 2825 is divided by 62?
35
Calculate the remainder when 41 is divided by 18.
5
What is the remainder when 402 is divided by 8?
2
Calculate the remainder when 289 is divided by 88.
25
What is the remainder when 8984 is divided by 29?
23
Calculate the remainder when 2674 is divided by 122.
112
What is the remainder when 2460 is divided by 614?
4
What is the remainder when 210 is divided by 41?
5
Calculate the remainder when 679 is divided by 68.
67
What is the remainder when 1957 is divided by 49?
46
Calculate the remainder when 1013 is divided by 143.
12
What is the remainder when 1358 is divided by 93?
56
Calculate the remainder when 7492 is divided by 17.
12
Calculate the remainder when 162 is divided by 34.
26
What is the remainder when 5719 is divided by 212?
207
Calculate the remainder when 1152 is divided by 73.
57
Calculate the remainder when 42 is divided by 21.
0
What is the remainder when 406 is divided by 127?
25
Calculate the remainder when 32 is divided by 28.
4
What is the remainder when 380 is divided by 69?
35
What is the remainder when 205 is divided by 30?
25
Calculate the remainder when 1289 is divided by 429.
2
Calculate the remainder when 186 is divided by 9.
6
What is the remainder when 4390 is divided by 30?
10
What is the remainder when 792 is divided by 304?
184
What is the remainder when 656 is divided by 66?
62
What is the remainder when 37 is divided by 5?
2
What is the remainder when 95 is divided by 31?
2
Calculate the remainder when 1009 is divided by 503.
3
Calculate the remainder when 554 is divided by 3.
2
Calculate the remainder when 315 is divided by 81.
72
Calculate the remainder when 6118 is divided by 68.
66
What is the remainder when 1533 is divided by 110?
103
Calculate the remainder when 132 is divided by 17.
13
What is the remainder when 42 is divided by 4?
2
Calculate the remainder when 205 is divided by 19.
15
Calculate the remainder when 911 is divided by 52.
27
What is the remainder when 34 is divided by 12?
10
Calculate the remainder when 938 is divided by 246.
200
Calculate the remainder when 204 is divided by 57.
33
Calculate the remainder when 80 is divided by 25.
5
Calculate the remainder when 115 is divided by 30.
25
What is the remainder when 365 is divided by 289?
76
What is the remainder when 314 is divided by 108?
98
What is the remainder when 10570 is divided by 5283?
4
Calculate the remainder when 953 is divided by 40.
33
What is the remainder when 81 is divided by 36?
9
What is the remainder when 769 is divided by 77?
76
Calculate the remainder when 48 is divided by 32.
16
What is the remainder when 142 is divided by 50?
42
What is the remainder when 8668 is divided by 32?
28
What is the remainder when 83 is divided by 17?
15
Calculate the remainder when 190 is divided by 13.
8
Calculate the remainder when 7924 is divided by 396.
4
Calculate the remainder when 1079 is divided by 36.
35
What is the remainder when 80 is divided by 5?
0
Calculate the remainder when 365 is divided by 16.
13
What is the remainder when 42767 is divided by 297?
296
What is the remainder when 990 is divided by 31?
29
What is the remainder when 9319 is divided by 21?
16
Calculate the remainder when 164 is divided by 37.
16
What is the remainder when 1078 is divided by 87?
34
Calculate the remainder when 2271 is divided by 379.
376
Calculate the remainder when 394 is divided by 128.
10
Calculate the remainder when 1079 is divided by 28.
15
Calculate the remainder when 130 is divided by 35.
25
Calculate the remainder when 59 is divided by 19.
2
What is the remainder when 1198 is divided by 394?
16
What is the remainder when 1133 is divided by 555?
23
What is the remainder when 356 is divided by 12?
8
Calculate the remainder when 243 is divided by 49.
47
Calculate the remainder when 1602 is divided by 226.
20
Calculate the remainder when 1530 is divided by 26.
22
Calculate the remainder when 80 is divided by 40.
0
Calculate the remainder when 697 is divided by 117.
112
What is the remainder when 390 is divided by 31?
18
What is the remainder when 14358 is divided by 22?
14
Calculate the remainder when 163 is divided by 5.
3
What is the remainder when 5052 is divided by 22?
14
Calculate the remainder when 591 is divided by 85.
81
Calculate the remainder when 56519 is divided by 29.
27
What is the remainder when 841 is divided by 35?
1
Calculate the remainder when 87 is divided by 32.
23
What is the remainder when 446 is divided by 75?
71
Calculate the remainder when 586 is divided by 49.
47
What is the remainder when 427 is divided by 83?
12
Calculate the remainder when 134 is divided by 32.
6
What is the remainder when 24 is divided by 17?
7
Calculate the remainder when 675 is divided by 76.
67
Calculate the remainder when 197 is divided by 3.
2
Calculate the remainder when 2862 is divided by 73.
15
Calculate the remainder when 211 is divided by 8.
3
Calculate the remainder when 157 is divided by 38.
5
What is the remainder when 2456 is divided by 18?
8
Calculate the remainder when 1229 is divided by 23.
10
Calculate the remainder when 4111 is divided by 14.
9
Calculate the remainder when 286 is divided by 7.
6
Calculate the remainder when 1286 is divided by 133.
89
What is the remainder when 3250 is divided by 45?
10
What is the r